umber?
True
Let c be 175/4 - 11/(-44). Suppose -11*w + 88 = -c. Suppose -2226 = -w*h + 6*h. Is h prime?
False
Is (1 - ((-49)/(-21) + -2))*662667 a prime number?
False
Let k(w) = 604*w**2 - 17*w + 134. Let c = -477 + 484. Is k(c) prime?
True
Suppose 157*g + 14*g = 61192521. Is g a prime number?
False
Is ((-22)/(-1))/(33/((-35791602)/(-28))) composite?
True
Let r = -421 - -429. Let a(v) = 20*v**3 - 2*v**2 - 8*v - 5. Let m be a(6). Suppose 0 = -r*q + 3*q + m. Is q a composite number?
False
Let o = 48979 - 84517. Let h = -50397 - o. Is 2*(h/(-12) + 2/8) composite?
False
Let m = 324 - -1142. Let n = -1922 - -1927. Suppose n*z - 467 - m = -3*w, 0 = 3*w + 3*z - 1929. Is w composite?
False
Suppose 4*j - 3*j = 2. Let b(a) = 4*a**2 + 47*a**j - 17 - 48*a + 34*a. Is b(-8) prime?
True
Suppose 2*g - 2454262 = 5*x, -16*g + 5*x + 6135625 = -11*g. Is g a prime number?
False
Let p = 321536 - -1341453. Is p composite?
True
Let p = 244820 - 117769. Is p prime?
True
Let t(s) = 5*s**3 + 22*s**2 - 107*s + 15. Is t(19) a prime number?
False
Suppose -475 = -0*l - 5*l. Let j(y) = -96*y - 44. Let c be j(-7). Let g = c - l. Is g a prime number?
False
Let k(n) = 166*n + 23. Let o be 122/183 - (-50)/6. Is k(o) prime?
False
Let x(r) = r**3 + 7*r**2 + 8*r + 24. Let j be x(-7). Let w be -2 - -7 - j/(-8). Is w + -6 - (4 + -716) a composite number?
True
Let r = 15961 + 68790. Is r a composite number?
False
Suppose 20*t - 142789 = 286414 + 50217. Is t prime?
True
Let m be 14/(2*-1)*(-456)/28. Let p(k) = 3136 + 115*k**2 - 567 - m*k**2 - k. Is p(0) composite?
True
Let x(j) = 15*j**2 + 82*j - 220. Is x(53) composite?
False
Suppose -5*i - 4*l = -235095, -4*i - 7*l + 188040 = -11*l. Suppose 5*p + 140643 = 4*a + i, 3*a - p - 70221 = 0. Is a prime?
False
Suppose 0*f = f - 5*i, -2*i + 4 = 0. Let n = 10 - f. Suppose n*d + 5*o - 1562 = -3*d, 4*d = -o + 2077. Is d prime?
False
Suppose -1141734 = 267*u - 273*u. Is u a prime number?
False
Suppose 4*w + 21 = 229. Is 4/20*25 - w*-2 a composite number?
False
Let z = -143530 + 293939. Is z a prime number?
False
Let o = -410 - -423. Suppose -v - 3924 = 11*c - o*c, -1969 = -c + 4*v. Is c composite?
True
Let b(z) = z + 21. Let c be b(-20). Is 8/(3 - 5) + 1787*c composite?
False
Let j(i) = -i**3 + 2*i**2 + 2*i - 3. Let f be j(3). Let v be (2 + 28/(-4))/(3/f). Is (-4)/10 - ((-1694)/v + 0) composite?
True
Suppose 3*c - 6*n + 8*n = 131847, -5*n = 5*c - 219740. Is c prime?
True
Let j(l) = -31873*l - 1668. Is j(-5) composite?
True
Let d(v) = 21*v**2 - 235*v - 47. Is d(-69) prime?
False
Let z(h) = 2097*h**2 - 37*h + 2. Is z(4) composite?
True
Suppose l = -5*q + 10, 2*q + 1 - 5 = -l. Suppose -q*g + 4272 = 1320. Suppose -2956 = -4*f + 2*f + 2*b, f - g = -b. Is f a composite number?
True
Let a(w) = 2793*w - 10. Let r(t) = -2791*t + 12. Let j(v) = -3*a(v) - 4*r(v). Is j(5) composite?
False
Suppose 3*v - 3*s + 38919 = -4*s, -3*s + 38919 = -3*v. Let i = v - -23432. Suppose 5*k - 4*u = i, 0 = -2*u + 6 + 2. Is k prime?
False
Suppose -3157694 = 31*q - 89*q. Is q a prime number?
True
Is (-548656628)/(-849) - 5/3 prime?
True
Suppose 3*m = -5*w + 2331, 3*m = 12*w - 16*w + 2334. Suppose 443 = y - 2*u, 4*y = u + 997 + m. Is y a composite number?
True
Let c(h) = -h - 8. Let j be c(-6). Let d be (-6628)/(j/(7/(21/6))). Suppose -d = -9*t + 5*t. Is t a composite number?
False
Suppose -16988 = -2*a - 2*a + 2*c, -2*a - c + 8486 = 0. Is a - ((15 - 4) + -7) prime?
True
Let r(l) = -3*l**2 - 9*l + 22. Let f(a) = -2*a**2 - 4*a + 11. Let m(k) = -5*f(k) + 2*r(k). Suppose 5*g + 3 = -42. Is m(g) a composite number?
True
Let k = 13030 + 19855. Let v(i) = -2020*i - 10. Let j be v(-4). Suppose 0 = -5*b - j + k. Is b a composite number?
True
Is (-131)/(2 - 7/7)*-127 a prime number?
False
Suppose 28*w - 6*w = 66726. Suppose 2*q + 15584 = 2*u, -3*u - w + 26415 = -5*q. Is u a prime number?
True
Is 19/3*(9 + 16155)/12 composite?
True
Let u be 4 + 0 - (-19 - -21). Suppose u*v - 1534 = -0*v. Is v prime?
False
Let z(y) = 8*y**3 - 2*y**2 - 19*y + 312917. Is z(0) prime?
False
Suppose -226 = -11*u + 38. Let l(q) = 9*q + 131. Is l(u) composite?
False
Suppose t = 2*h - 57, 14*t - 12*t - 156 = -5*h. Suppose -h*a - 5036 = -34*a. Is a a prime number?
True
Let m(j) = -29*j**2 - 10*j - 14. Let d = 32 + -44. Let f be m(d). Let z = -1105 - f. Is z a prime number?
False
Suppose 0 = -28*b + 919183 + 2008774 - 509289. Is b prime?
True
Let u(q) = -q**2 - 13*q - 35. Let m be u(-7). Is 6009 + m + -3 + -6 composite?
False
Is (-4 + 5331455/(-30))/((-35)/210) composite?
True
Suppose 0 = 4*q - 5*b - 523147, -46*b + 48*b = q - 130783. Is q a composite number?
True
Suppose 1290*o = 1292*o - 190801 - 24481. Is o a prime number?
True
Is 80439 - (-30)/(-10 + 7) a prime number?
True
Let s(t) = -4*t**3 + 4*t**3 - 25*t**2 + 1513 - t**3 - 1519 - 53*t. Is s(-23) composite?
True
Suppose 0 = 5*y + 4*m - 24 - 52, -4*m + 60 = 4*y. Suppose y = n + 11. Suppose -n*d + 3*v = v - 7917, 0 = 4*d - 5*v - 6320. Is d prime?
False
Let d(t) be the first derivative of -26*t**3/3 - 3*t**2/2 - 3*t + 3. Let b be d(-1). Is (-498)/b + (-2)/13 a composite number?
False
Suppose 0 = 3*c - 6*u - 675393, -2*u = 4*c - 0*u - 900584. Is c a prime number?
True
Let a(z) = z**3 - 5*z**2 - 69*z - 32. Let x be a(13). Let k = 1594 - x. Is k composite?
False
Is ((-2)/(2 - 0))/((-3)/29901) prime?
True
Suppose -5*g - 2*g = -11284. Let d = 2506 - g. Suppose -3*y - 33 = -d. Is y composite?
True
Suppose -5*p + 306689 = 4*n, -3*p - 61*n + 56*n + 184016 = 0. Is p a prime number?
False
Let a be 1*-5*(-5)/(-1). Let l = -2504 + 2494. Is (-5820)/a + (-2)/l composite?
False
Is 65/(-195) - 910238/(-6) composite?
True
Suppose -1309762 = -5*c + 3301208. Is c/16 - 0 - (-26)/(-208) prime?
True
Suppose v - 28*v - 895531 + 3328582 = 0. Is v prime?
False
Let c(w) = -40899*w - 985. Is c(-54) a prime number?
True
Let a = 394 - 393. Is 185/20*388 + a*4 prime?
True
Suppose 2*z - 4*p = 1260, -2502 = -2*z - 2*z + 2*p. Let s = z - 305. Let k = s + 240. Is k a prime number?
False
Let f(p) = 6*p**3 + 47*p**2 + 49*p + 6. Let h(o) = -o**3 - 9*o**2 - 10*o - 1. Let z(j) = -2*f(j) - 11*h(j). Is z(5) prime?
True
Suppose 12*n - 609459 = 145989. Is n a composite number?
True
Is 2/(-9*16/(-216792)) composite?
False
Suppose 4*z = 4*w + 5 - 17, -4*z = 5*w + 39. Is z/(-4)*14910/63 a composite number?
True
Suppose 60*w - 1220 + 140 = 0. Suppose w*p = 586817 - 215387. Is p composite?
True
Suppose 3*t - 4*f = -137, 0*t + t - 2*f + 49 = 0. Let j be 4/3*(-18)/(-4). Is ((-128)/j + -6 + 5)*t composite?
True
Let s(u) = 228*u + 157. Let o be s(22). Let a = 14880 - o. Is a a prime number?
False
Let w(m) = 82*m**2 + 9. Let s(z) = z**2 - 22*z - 13. Let b be s(23). Is w(b) a prime number?
True
Is (-814316)/18*-3 + (-4)/12 a composite number?
False
Let z = -1079718 + 2166125. Is z prime?
False
Suppose -2*g + 2373 = 5*x, -40*g = 4*x - 39*g - 1896. Is x a composite number?
True
Suppose 3*z - 282356 = -3*y + 121129, 403497 = 3*y + 5*z. Is y composite?
False
Is (-11)/((-165)/(-10)) + (367136880/9)/16 prime?
False
Let f(d) = -4*d - 18. Let k be f(-7). Let h be 2 - 1/(5/k). Suppose h = -0*j + 4*j - 3644. Is j prime?
True
Suppose -2*b - 4*u - 416319 + 3375417 = 0, 5*u = 4*b - 5918131. Is b prime?
True
Suppose a - 3*m = 25, 4*m - 4 = 5*m. Suppose 3*b - a - 35 = 0. Suppose b*p + 2164 = 20*p. Is p a prime number?
True
Suppose 87*j - 6687466 = 2548715. Is j a composite number?
False
Let d = -38481 - -80530. Is d a composite number?
True
Suppose -363*j + 364*j + n - 73031 = 0, j - 2*n = 73031. Is j composite?
True
Let l = 16057 + 10246. Is l composite?
True
Let d(g) = -906*g + 1613. Is d(-9) a prime number?
True
Let p = 27934 - 20769. Is p a prime number?
False
Let s(d) = -22*d**3 + 10*d - 43. Is s(-5) a prime number?
True
Suppose -21*k + 25395 + 362706 = 0. Is k a prime number?
True
Suppose 3*m - 3956473 = -5*z, 32*z = 29*z + 3*m + 2373903. Is z a composite number?
True
Let v = 1712 + -993. Suppose 0 = 5*a - 3*k + 1606 + 2043, v = -a - 3*k. Let p = a - -1101. Is p a prime number?
True
Suppose 19*d = 15*d. Suppose d = g + 146 - 937. Is g prime?
False
Suppose i + 4*b - 1165 = 1626, -2*i = -6*b - 5498. Is i composite?
False
Suppose -189*q + 171*q = -19449126. Is q a composite number?
True
Let g(m) = 4*m**3 + 3*m**2 - 7*m + 7